{"id":274,"date":"2021-06-28T09:06:19","date_gmt":"2021-06-28T09:06:19","guid":{"rendered":"http:\/\/leadersinteach.eu\/?page_id=274"},"modified":"2021-06-28T09:17:00","modified_gmt":"2021-06-28T09:17:00","slug":"na-temat-projektu-leaders-in-teach","status":"publish","type":"page","link":"http:\/\/leadersinteach.eu\/?page_id=274&lang=pl","title":{"rendered":"Na Temat"},"content":{"rendered":"\n<p>Projekt ma na celu promowanie innowacji z zakresu metod nauczania w ramach ustawicznego kszta\u0142cenia zawodowego (C_VET). Zapotrzebowanie na tego rodzaju materia\u0142y jest szczeg\u00f3lnie wa\u017cne w dobie zmian zachodz\u0105cych w dzisiejszym spo\u0142ecze\u0144stwie i na rynku pracy po kryzysie zwi\u0105zanym z pandemi\u0105 COVID-19. W naszym projekcie zamierzamy si\u0119 skupi\u0107 przede wszystkim na doskonaleniu umiej\u0119tno\u015bci pedagogicznych w kluczowym obszarze Pedagogiki Cyfrowej; po drugie, zamierzamy opracowa\u0107 innowacyjny program szkoleniowy oparty na podej\u015bciu andragogicznym. Projekt jest okazj\u0105 do przeprowadzenia mi\u0119dzynarodowego szkolenia, co umo\u017cliwi nam przetestowanie rezultat\u00f3w i ewaluacje ich jako\u015bci.<\/p>\n\n\n\n<p>Pracujemy opieraj\u0105c si\u0119 na kryterium innowacji, kreuj\u0105c przestrze\u0144 dla nieformalnego treningu i tworz\u0105c materia\u0142y do wsp\u00f3lnego dzielenia si\u0119 wiedz\u0105.<\/p>\n","protected":false},"excerpt":{"rendered":"<p>Projekt ma na celu promowanie innowacji z zakresu metod nauczania w ramach ustawicznego kszta\u0142cenia zawodowego (C_VET). Zapotrzebowanie na tego rodzaju materia\u0142y jest szczeg\u00f3lnie wa\u017cne w dobie zmian zachodz\u0105cych w dzisiejszym spo\u0142ecze\u0144stwie i na rynku pracy po kryzysie zwi\u0105zanym z pandemi\u0105 COVID-19. W naszym projekcie zamierzamy si\u0119 skupi\u0107 przede wszystkim na doskonaleniu umiej\u0119tno\u015bci pedagogicznych w kluczowym [&hellip;]<\/p>\n","protected":false},"author":1,"featured_media":0,"parent":0,"menu_order":0,"comment_status":"closed","ping_status":"closed","template":"","meta":{"footnotes":""},"class_list":["post-274","page","type-page","status-publish","hentry"],"_links":{"self":[{"href":"http:\/\/leadersinteach.eu\/index.php?rest_route=\/wp\/v2\/pages\/274","targetHints":{"allow":["GET"]}}],"collection":[{"href":"http:\/\/leadersinteach.eu\/index.php?rest_route=\/wp\/v2\/pages"}],"about":[{"href":"http:\/\/leadersinteach.eu\/index.php?rest_route=\/wp\/v2\/types\/page"}],"author":[{"embeddable":true,"href":"http:\/\/leadersinteach.eu\/index.php?rest_route=\/wp\/v2\/users\/1"}],"replies":[{"embeddable":true,"href":"http:\/\/leadersinteach.eu\/index.php?rest_route=%2Fwp%2Fv2%2Fcomments&post=274"}],"version-history":[{"count":2,"href":"http:\/\/leadersinteach.eu\/index.php?rest_route=\/wp\/v2\/pages\/274\/revisions"}],"predecessor-version":[{"id":287,"href":"http:\/\/leadersinteach.eu\/index.php?rest_route=\/wp\/v2\/pages\/274\/revisions\/287"}],"wp:attachment":[{"href":"http:\/\/leadersinteach.eu\/index.php?rest_route=%2Fwp%2Fv2%2Fmedia&parent=274"}],"curies":[{"name":"wp","href":"https:\/\/api.w.org\/{rel}","templated":true}]}}