{"id":45,"date":"2021-05-19T17:16:17","date_gmt":"2021-05-19T17:16:17","guid":{"rendered":"http:\/\/leadersinteach.eu\/?page_id=45"},"modified":"2021-05-25T16:09:58","modified_gmt":"2021-05-25T16:09:58","slug":"home-italiano","status":"publish","type":"page","link":"http:\/\/leadersinteach.eu\/?page_id=45&lang=it","title":{"rendered":"Inizio"},"content":{"rendered":"\n<h2 class=\"wp-block-heading\">Benvenuti nella pagina web del progetto Leaders IN TEACH!<\/h2>\n\n\n\n<p>Uno spazio in cui trovare tutte le informazioni su Leadrs IN TEACH, un progetto strategico Erasmus + i cui obiettivi e risultati non ti lasceranno indifferente.<br>Il nostro obiettivo principale \u00e8 offrire ai formatori le competenze necessarie per utilizzare la tecnologia digitale in modo creativo, al fine di dare una risposta alle esigenze dei tirocinanti in termini di competenza digitale. Per poterci riuscire e introdurre la tecnologia in classe, \u00e8 fondamentale migliorare le competenze di pedagogia digitale dei formatori. Ma la pedagogia digitale non riguarda solo la tecnologia, ma soprattutto il metodo con cui vogliamo insegnare e la modalit\u00e0 con cui gli studenti desiderano apprendere, grazie l&#8217;aiuto della tecnologia tecnologia.<\/p>\n\n\n\n<p>I formatori C-VET vogliono saper utilizzare le nuove tecnologie in modo efficace e desiderano conoscere metodologie che si tradurranno in risultati di apprendimento positivi. \u00c8 qui che entra in gioco una pedagogia digitale, capace di avvicinarli alle nuove tecnologie digitali e di poterle utilizzare in modo efficace, contribuendo a mitigare l&#8217;impatto della crisi del Coronavirus.<\/p>\n\n\n\n<p>I formatori del sistema C-VET devono trasmettere la pedagogia prima della conoscenza e, per questo, devono aiutare gli studenti ad essere in grado di ottenere la conoscenza da soli, motivandoli in un contesto in cui la formazione online \u00e8 desinata a permanere. Per questo motivo, gli insegnanti devono imparare a utilizzare le risorse per creare e adattare i contenuti ai supporti tecnologici che meglio si adattano a questa eterogeneit\u00e0 di educaione e tecnologia. E&#8217; per questo che, l&#8217;altra grande priorit\u00e0 del progetto, \u00e8 proprio l&#8217;inclusione sociale, che, come abbiamo visto, rappresenta il grande obiettivo del C_VET rispetto ad altri tipi di formazione.<\/p>\n","protected":false},"excerpt":{"rendered":"<p>Benvenuti nella pagina web del progetto Leaders IN TEACH! Uno spazio in cui trovare tutte le informazioni su Leadrs IN TEACH, un progetto strategico Erasmus + i cui obiettivi e risultati non ti lasceranno indifferente.Il nostro obiettivo principale \u00e8 offrire ai formatori le competenze necessarie per utilizzare la tecnologia digitale in modo creativo, al fine [&hellip;]<\/p>\n","protected":false},"author":1,"featured_media":0,"parent":0,"menu_order":0,"comment_status":"closed","ping_status":"closed","template":"","meta":{"footnotes":""},"class_list":["post-45","page","type-page","status-publish","hentry"],"_links":{"self":[{"href":"http:\/\/leadersinteach.eu\/index.php?rest_route=\/wp\/v2\/pages\/45","targetHints":{"allow":["GET"]}}],"collection":[{"href":"http:\/\/leadersinteach.eu\/index.php?rest_route=\/wp\/v2\/pages"}],"about":[{"href":"http:\/\/leadersinteach.eu\/index.php?rest_route=\/wp\/v2\/types\/page"}],"author":[{"embeddable":true,"href":"http:\/\/leadersinteach.eu\/index.php?rest_route=\/wp\/v2\/users\/1"}],"replies":[{"embeddable":true,"href":"http:\/\/leadersinteach.eu\/index.php?rest_route=%2Fwp%2Fv2%2Fcomments&post=45"}],"version-history":[{"count":1,"href":"http:\/\/leadersinteach.eu\/index.php?rest_route=\/wp\/v2\/pages\/45\/revisions"}],"predecessor-version":[{"id":104,"href":"http:\/\/leadersinteach.eu\/index.php?rest_route=\/wp\/v2\/pages\/45\/revisions\/104"}],"wp:attachment":[{"href":"http:\/\/leadersinteach.eu\/index.php?rest_route=%2Fwp%2Fv2%2Fmedia&parent=45"}],"curies":[{"name":"wp","href":"https:\/\/api.w.org\/{rel}","templated":true}]}}